{"id":476,"date":"2026-04-06T15:09:45","date_gmt":"2026-04-06T15:09:45","guid":{"rendered":"https:\/\/www.alumni-detmold.de\/?page_id=476"},"modified":"2026-04-17T05:59:05","modified_gmt":"2026-04-17T05:59:05","slug":"der-verein","status":"publish","type":"page","link":"https:\/\/www.alumni-detmold.de\/index.php\/der-verein\/","title":{"rendered":"Der Verein"},"content":{"rendered":"\n<p>An der Detmolder Hochschule f\u00fcr Musik &#8211; fr\u00fcher Nordwestdeutsche Musikakademie &#8211; gab es von Beginn an ein au\u00dfergew\u00f6hnlich starkes Verbundenheitsgef\u00fchl von Studierenden und Lehrkr\u00e4ften sowohl zu ihrer Alma Mater als auch untereinander. In einer Klein- bzw. Mittelstadt standen und stehen die Mitglieder der Hochschule einander naturgem\u00e4\u00df n\u00e4her als in einer Gro\u00df- oder gar Weltstadt. Herausragende Lehrpers\u00f6nlichkeiten pr\u00e4gten Generationen von Musikerinnen und Musikern, die dadurch einander zwar innerlich verbunden blieben, aber durch ihre ganz verschiedenen Berufs- und Lebenswege nach dem Studium vielfach kaum noch Kontakt untereinander und zu ihrer Hochschule hatten. <\/p>\n\n\n\n<p>Der im Jahre 2006 gegr\u00fcndete Alumni-Verein verstand sich deshalb von vornherein als Plattform f\u00fcr Begegnungen. Die j\u00e4hrlichen &#8222;<a href=\"https:\/\/www.alumni-detmold.de\/index.php\/alumni-tag-2026\/\" data-type=\"page\" data-id=\"506\">Alumni-Tage<\/a>&#8220; f\u00fchren seither immer am dritten Oktober-Wochenende zahlreiche Musikerinnen und Musiker mit &#8222;Detmold-Geschichte&#8220; zu abwechslungsreichen und attraktiven Programmen und geselligen Treffen zusammen. Au\u00dferhalb dieser gemeinsam verbrachten Wochenenden werden die rund 350 Mitglieder \u00fcber Newsletter sowie den j\u00e4hrlichen Versand des Hochschuljahrbuchs &#8222;Ad Notam&#8220; \u00fcber Neuigkeiten und Entwicklungen der Hochschule informiert. In den <a href=\"https:\/\/www.alumni-detmold.de\/index.php\/mitgliederbereich\/\" data-type=\"page\" data-id=\"452\">internen Bereichen<\/a> dieser Website k\u00f6nnen sie sich durch eine st\u00e4ndig wachsende historische Fotogalerie aus der Hochschulgeschichte klicken und diverse Download-Angebote nutzen. Das neue Mitgliederforum erm\u00f6glicht den unmittelbaren Austausch der Mitglieder untereinander und mit dem Verein. <\/p>\n\n\n\n<p>Aber der Alumni-Verein ist weit mehr als ein &#8222;Ehemaligen-Verein&#8220;: Mit ihren Beitr\u00e4gen und Spenden unterst\u00fctzen seine Mitglieder aktuelle Studierende und f\u00f6rdern ausgew\u00e4hlte Projekte der Hochschule. Da deren jeweiliger Rektor bzw. Rektorin satzungsgem\u00e4\u00dfes Vorstandsmitglied des Vereins ist, besteht eine direkte Verbindung zur heutigen Hochschule und ihrer zuk\u00fcnftigen Entwicklung. \u00dcber den Verein bleiben Alumni \u00fcber die Vergangenheit und Gegenwart der Hochschule auf dem Laufenden, k\u00f6nnen aber auch deren Zukunft mit beeinflussen.<\/p>\n\n\n\n<p>Im Oktober 2025 gab Martin Christoph Redel, der den Alumni-Verein 2006 mitgegr\u00fcndet und seither geleitet hatte, den Vorsitz ab; die Mitgliederversammlung w\u00e4hlte einstimmig Christian K\u00f6hn zu seinem Nachfolger. Martin Christoph Redel wird als Ehrenvorsitzender dem <a href=\"https:\/\/www.alumni-detmold.de\/index.php\/wir-stellen-uns-vor-der-vereinsvorstand\/\">neuen Vorstand<\/a> (au\u00dfer dem Vorsitzenden noch Dr. Friedhelm Flamme, Stefan Cla\u00dfen, Thomas Kr\u00fcgler und Rektor Dr. Thomas Grosse) weiterhin beratend zur Seite stehen.<\/p>\n\n\n\n<p><a href=\"https:\/\/www.alumni-detmold.de\/wp-content\/uploads\/Beitrittsformular-Alumni-Verein.pdf\">Die Mitgliedschaft steht nicht nur allen aktuellen und ehemaligen Studierenden und Lehrenden der Hochschule offen, sondern allen Personen, die sich ihr verbunden f\u00fchlen.<\/a> F\u00fcr lediglich 25 \u20ac Jahresbeitrag (aktuelle Studierende sogar kostenlos) bekommen sie Zugang zu allen Vereinsangeboten.<\/p>\n\n\n\n<p><\/p>\n","protected":false},"excerpt":{"rendered":"<p>An der Detmolder Hochschule f\u00fcr Musik &#8211; fr\u00fcher Nordwestdeutsche Musikakademie &#8211; gab es von Beginn an ein au\u00dfergew\u00f6hnlich starkes Verbundenheitsgef\u00fchl von Studierenden und Lehrkr\u00e4ften sowohl zu ihrer Alma Mater als auch untereinander. In einer Klein- bzw. Mittelstadt standen und stehen die Mitglieder der Hochschule einander naturgem\u00e4\u00df n\u00e4her als in einer Gro\u00df- oder gar Weltstadt. Herausragende [&hellip;]<\/p>\n","protected":false},"author":1,"featured_media":0,"parent":0,"menu_order":0,"comment_status":"closed","ping_status":"closed","template":"","meta":{"_bbp_topic_count":0,"_bbp_reply_count":0,"_bbp_total_topic_count":0,"_bbp_total_reply_count":0,"_bbp_voice_count":0,"_bbp_anonymous_reply_count":0,"_bbp_topic_count_hidden":0,"_bbp_reply_count_hidden":0,"_bbp_forum_subforum_count":0,"footnotes":""},"class_list":["post-476","page","type-page","status-publish","hentry"],"_links":{"self":[{"href":"https:\/\/www.alumni-detmold.de\/index.php\/wp-json\/wp\/v2\/pages\/476","targetHints":{"allow":["GET"]}}],"collection":[{"href":"https:\/\/www.alumni-detmold.de\/index.php\/wp-json\/wp\/v2\/pages"}],"about":[{"href":"https:\/\/www.alumni-detmold.de\/index.php\/wp-json\/wp\/v2\/types\/page"}],"author":[{"embeddable":true,"href":"https:\/\/www.alumni-detmold.de\/index.php\/wp-json\/wp\/v2\/users\/1"}],"replies":[{"embeddable":true,"href":"https:\/\/www.alumni-detmold.de\/index.php\/wp-json\/wp\/v2\/comments?post=476"}],"version-history":[{"count":7,"href":"https:\/\/www.alumni-detmold.de\/index.php\/wp-json\/wp\/v2\/pages\/476\/revisions"}],"predecessor-version":[{"id":904,"href":"https:\/\/www.alumni-detmold.de\/index.php\/wp-json\/wp\/v2\/pages\/476\/revisions\/904"}],"wp:attachment":[{"href":"https:\/\/www.alumni-detmold.de\/index.php\/wp-json\/wp\/v2\/media?parent=476"}],"curies":[{"name":"wp","href":"https:\/\/api.w.org\/{rel}","templated":true}]}}

<p>An der Detmolder Hochschule für Musik &#8211; früher Nordwestdeutsche Musikakademie &#8211; gab es von Beginn an ein außergewöhnlich starkes Verbundenheitsgefühl von Studierenden und Lehrkräften sowohl zu ihrer Alma Mater als auch untereinander. In einer Klein- bzw. Mittelstadt standen und stehen die Mitglieder der Hochschule einander naturgemäß näher als in einer Groß- oder gar Weltstadt. Herausragende Lehrpersönlichkeiten prägten Generationen von Musikerinnen und Musikern, die dadurch einander zwar innerlich verbunden blieben, aber durch ihre ganz verschiedenen Berufs- und Lebenswege nach dem Studium vielfach kaum noch Kontakt untereinander und zu ihrer Hochschule hatten. </p>



<p>Der im Jahre 2006 gegründete Alumni-Verein verstand sich deshalb von vornherein als Plattform für Begegnungen. Die jährlichen &#8222;<a href="https://www.alumni-detmold.de/index.php/alumni-tag-2026/" data-type="page" data-id="506">Alumni-Tage</a>&#8220; führen seither immer am dritten Oktober-Wochenende zahlreiche Musikerinnen und Musiker mit &#8222;Detmold-Geschichte&#8220; zu abwechslungsreichen und attraktiven Programmen und geselligen Treffen zusammen. Außerhalb dieser gemeinsam verbrachten Wochenenden werden die rund 350 Mitglieder über Newsletter sowie den jährlichen Versand des Hochschuljahrbuchs &#8222;Ad Notam&#8220; über Neuigkeiten und Entwicklungen der Hochschule informiert. In den <a href="https://www.alumni-detmold.de/index.php/mitgliederbereich/" data-type="page" data-id="452">internen Bereichen</a> dieser Website können sie sich durch eine ständig wachsende historische Fotogalerie aus der Hochschulgeschichte klicken und diverse Download-Angebote nutzen. Das neue Mitgliederforum ermöglicht den unmittelbaren Austausch der Mitglieder untereinander und mit dem Verein. </p>



<p>Aber der Alumni-Verein ist weit mehr als ein &#8222;Ehemaligen-Verein&#8220;: Mit ihren Beiträgen und Spenden unterstützen seine Mitglieder aktuelle Studierende und fördern ausgewählte Projekte der Hochschule. Da deren jeweiliger Rektor bzw. Rektorin satzungsgemäßes Vorstandsmitglied des Vereins ist, besteht eine direkte Verbindung zur heutigen Hochschule und ihrer zukünftigen Entwicklung. Über den Verein bleiben Alumni über die Vergangenheit und Gegenwart der Hochschule auf dem Laufenden, können aber auch deren Zukunft mit beeinflussen.</p>



<p>Im Oktober 2025 gab Martin Christoph Redel, der den Alumni-Verein 2006 mitgegründet und seither geleitet hatte, den Vorsitz ab; die Mitgliederversammlung wählte einstimmig Christian Köhn zu seinem Nachfolger. Martin Christoph Redel wird als Ehrenvorsitzender dem <a href="https://www.alumni-detmold.de/index.php/wir-stellen-uns-vor-der-vereinsvorstand/">neuen Vorstand</a> (außer dem Vorsitzenden noch Dr. Friedhelm Flamme, Stefan Claßen, Thomas Krügler und Rektor Dr. Thomas Grosse) weiterhin beratend zur Seite stehen.</p>



<p><a href="https://www.alumni-detmold.de/wp-content/uploads/Beitrittsformular-Alumni-Verein.pdf">Die Mitgliedschaft steht nicht nur allen aktuellen und ehemaligen Studierenden und Lehrenden der Hochschule offen, sondern allen Personen, die sich ihr verbunden fühlen.</a> Für lediglich 25 € Jahresbeitrag (aktuelle Studierende sogar kostenlos) bekommen sie Zugang zu allen Vereinsangeboten.</p>



<p></p>

<p>An der Detmolder Hochschule für Musik &#8211; früher Nordwestdeutsche Musikakademie &#8211; gab es von Beginn an ein außergewöhnlich starkes Verbundenheitsgefühl von Studierenden und Lehrkräften sowohl zu ihrer Alma Mater als auch untereinander. In einer Klein- bzw. Mittelstadt standen und stehen die Mitglieder der Hochschule einander naturgemäß näher als in einer Groß- oder gar Weltstadt. Herausragende [&hellip;]</p>
