{"id":643,"date":"2026-04-09T06:32:01","date_gmt":"2026-04-09T06:32:01","guid":{"rendered":"https:\/\/www.alumni-detmold.de\/?page_id=643"},"modified":"2026-04-09T06:32:01","modified_gmt":"2026-04-09T06:32:01","slug":"wir-stellen-uns-vor-der-vereinsvorstand","status":"publish","type":"page","link":"https:\/\/www.alumni-detmold.de\/index.php\/wir-stellen-uns-vor-der-vereinsvorstand\/","title":{"rendered":"Wir stellen uns vor: der Vereinsvorstand"},"content":{"rendered":"\n<h4 class=\"wp-block-heading\">Vorsitzender Christian K\u00f6hn<\/h4>\n\n\n\n<figure class=\"wp-block-image size-full\"><img loading=\"lazy\" decoding=\"async\" width=\"235\" height=\"350\" src=\"https:\/\/www.alumni-detmold.de\/wp-content\/uploads\/image.png\" alt=\"\" class=\"wp-image-644\" srcset=\"https:\/\/www.alumni-detmold.de\/wp-content\/uploads\/image.png 235w, https:\/\/www.alumni-detmold.de\/wp-content\/uploads\/image-201x300.png 201w\" sizes=\"auto, (max-width: 235px) 100vw, 235px\" \/><\/figure>\n\n\n\n<p><a href=\"https:\/\/www.hfm-detmold.de\/die-hochschule\/personenverzeichnis\/lehrende\/vita\/christian-koehn\/\">Christian K\u00f6hn<\/a>\u00a0wurde in Bochum geboren. Als Siebenj\u00e4hriger erhielt er seinen ersten Klavierunterricht. Bereits drei Jahre sp\u00e4ter nahm ihn die Musikhochschule Dortmund als Jungstudent in die Klasse von Joseph Matthias Blome auf. Nach dem Abitur ging er zu Renate Kretschmar-Fischer an die Musikhochschule Detmold und vollendete dort in weiteren acht Jahren seine Ausbildung bis zum erfolgreichen Abschluss mit dem Konzertexamen. Er war Stipendiat der \u201eOscar-und-Vera-Ritter-Stiftung\u201c, erhielt den F\u00f6rderpreis des \u201eDeutschen Musikwettbewerbs\u201c Bonn, nahm an der \u201e32. Bundesauswahl Konzerte Junger K\u00fcnstler\u201c teil und war schlie\u00dflich Preistr\u00e4ger des 2. Internationalen Schubert-Wettbewerbs in Dortmund. Besonders pflegt er das vierh\u00e4ndige Klavierspiel an einem oder zwei Klavier(en) mit seiner Duo-Partnerin Silke-Thora Matthies. Als Klavierduo Matthies\/K\u00f6hn wurden sie Preistr\u00e4ger des Deutschen Musikwettbewerbs Bonn, des Wettbewerbs des Kulturkreises im Bundesverband der Deutschen Industrie (BDI), und des ARDMusikwettbewerbs in M\u00fcnchen. Sie unternahmen ausgedehnte Tourneen durch die Bundesrepublik Deutschland, zahlreiche deutsche Rundfunkanstalten f\u00fchrten Studio-Produktionen mit ihnen durch, und sie brachten Kompositionen zeitgen\u00f6ssischer Komponisten zur Urauff\u00fchrung. F\u00fcr das Label \u201eNaxos\u201c nehmen sie u.a. s\u00e4mtliche Werke f\u00fcr Klavierduo von Antonin Dvorak und Johannes Brahms auf, 22 CDs sind bereits erschienen. Parallel arbeitet\u00a0<a href=\"https:\/\/www.hfm-detmold.de\/die-hochschule\/personenverzeichnis\/lehrende\/vita\/christian-koehn\/\">Christian K\u00f6hn<\/a>\u00a0als Herausgeber von Klavierduo- und Soloausgaben f\u00fcr den B\u00e4renreiter-Verlag Kassel.\u00a0<a href=\"https:\/\/www.hfm-detmold.de\/die-hochschule\/personenverzeichnis\/lehrende\/vita\/christian-koehn\/\">Christian K\u00f6hn<\/a>\u00a0ist Dozent an der Musikhochschule Detmold.<\/p>\n\n\n\n<hr class=\"wp-block-separator has-alpha-channel-opacity\"\/>\n\n\n\n<h4 class=\"wp-block-heading\">Rektor Dr. Thomas Grosse<\/h4>\n\n\n\n<figure class=\"wp-block-image size-full\"><img loading=\"lazy\" decoding=\"async\" width=\"235\" height=\"350\" src=\"https:\/\/www.alumni-detmold.de\/wp-content\/uploads\/image-1.png\" alt=\"\" class=\"wp-image-645\" srcset=\"https:\/\/www.alumni-detmold.de\/wp-content\/uploads\/image-1.png 235w, https:\/\/www.alumni-detmold.de\/wp-content\/uploads\/image-1-201x300.png 201w\" sizes=\"auto, (max-width: 235px) 100vw, 235px\" \/><\/figure>\n\n\n\n<p>Der Diplom-Musiklehrer und Oboist Thomas Grosse&nbsp;stammt aus Hameln. Er studierte Musikerziehung und K\u00fcnstlerische Ausbildung mit Hauptfach Oboe bei Prof. Klaus Becker an der Hochschule f\u00fcr Musik und Theater Hannover. Im Anschluss daran war er in Lehr- und Leitungst\u00e4tigkeiten an Musikschulen sowie als Oboist in verschiedenen Orchestern t\u00e4tig. Au\u00dferdem unterrichtete er als Dozent Oboe an der Universit\u00e4t Hildesheim. Im Jahr 1998 wurde er zum Professor f\u00fcr \u201e\u00c4sthetische Kommunikation, Schwerpunkt Musik\u201c an die Evangelische Fachhochschule Hannover berufen. Von 1999 bis 2003 leitete Thomas Grosse als Dekan den Fachbereich Sozialwesen. Gleichzeitig nahm er Lehrauftr\u00e4ge f\u00fcr Musikp\u00e4dagogik\/Musikwissenschaft an der Universit\u00e4t Hildesheim im Fachbereich II (Kulturwissenschaft und \u00c4sthetische Praxis) wahr.<\/p>\n\n\n\n<p>Im Jahr 2006 promovierte Thomas Grosse an der Hochschule f\u00fcr Musik und Theater Hannover zum Thema \u201eInstrumentaler Gruppenunterricht an Musikschulen am Beispiel des Landes Niedersachsen\u201c. Von 2006 bis 2008 begleitete er als Studiendekan der Abteilung Soziale Arbeit die \u00dcberleitung der Evangelischen Fachhochschule Hannover in die Hochschule Hannover und wirkte daran anschlie\u00dfend bis 2011 als Dekan der Fakult\u00e4t V. In gutachterlichen T\u00e4tigkeiten und Forschungsprojekten befasste er sich mit Fragestellungen zur \u00e4sthetischen Bildung im Kindesalter sowie zu musikalischen Angeboten in sozialen Arbeitsfeldern.<\/p>\n\n\n\n<p>Nach seiner Wahl zum Rektor f\u00fcr die Jahre 2014 bis 2020 trat Thomas Grosse zum Studienjahr 2020\/2021 eine zweite Amtsperiode an.<\/p>\n\n\n\n<hr class=\"wp-block-separator has-alpha-channel-opacity\"\/>\n\n\n\n<h4 class=\"wp-block-heading\">Schatzmeister Stefan Cla\u00dfen<\/h4>\n\n\n\n<figure class=\"wp-block-image size-full\"><img loading=\"lazy\" decoding=\"async\" width=\"235\" height=\"350\" src=\"https:\/\/www.alumni-detmold.de\/wp-content\/uploads\/image-2.png\" alt=\"\" class=\"wp-image-646\" srcset=\"https:\/\/www.alumni-detmold.de\/wp-content\/uploads\/image-2.png 235w, https:\/\/www.alumni-detmold.de\/wp-content\/uploads\/image-2-201x300.png 201w\" sizes=\"auto, (max-width: 235px) 100vw, 235px\" \/><\/figure>\n\n\n\n<p>Stefan Cla\u00dfen wurde 1958 in Aachen geboren. Seine musikalische Ausbildung erhielt er zun\u00e4chst in seiner Geburtsstadt und von 1978 bis 1985 an der Hochschule f\u00fcr Musik Detmold. Er studierte bei Wilfried Kassebaum Klavier und bei Martin-Christoph Redel Musiktheorie und H\u00f6rerziehung. Alle drei F\u00e4cher schloss er mit einem Diplom f\u00fcr Instrumentalp\u00e4dagogik ab.<\/p>\n\n\n\n<p>Von 1985 bis 2024 unterrichtete er die F\u00e4cher Klavier, Keyboard, Musiktheorie, Geh\u00f6rbildung, Komposition und Erwachsenenbildung an der Johannes-Brahms-Musikschule in Detmold, deren stellvertretender Leiter er ab 1993 war. An der Hochschule f\u00fcr Musik Detmold hatte er Lehrauftr\u00e4ge in den F\u00e4chern Klavierdidaktik und Geh\u00f6rbildung, vor allem als Dozent im Detmolder Jungstudierenden-Institut (DJI). Bis heute richtet er regelm\u00e4\u00dfig Vorbereitungskurse f\u00fcr die Eignungspr\u00fcfungen in den F\u00e4chern Musiktheorie und Geh\u00f6rbildung aus.<\/p>\n\n\n\n<p>Stefan Cla\u00dfen lebt mit seiner Frau in Detmold. Im Ruhestand arbeitet er weiter als konzertierender K\u00fcnstler, Klavier- und Musiktheorielehrer.<\/p>\n\n\n\n<hr class=\"wp-block-separator has-alpha-channel-opacity\"\/>\n\n\n\n<h4 class=\"wp-block-heading\">Schriftf\u00fchrer Thomas Kr\u00fcgler<\/h4>\n\n\n\n<figure class=\"wp-block-image size-full\"><img loading=\"lazy\" decoding=\"async\" width=\"235\" height=\"350\" src=\"https:\/\/www.alumni-detmold.de\/wp-content\/uploads\/image-3.png\" alt=\"\" class=\"wp-image-647\" srcset=\"https:\/\/www.alumni-detmold.de\/wp-content\/uploads\/image-3.png 235w, https:\/\/www.alumni-detmold.de\/wp-content\/uploads\/image-3-201x300.png 201w\" sizes=\"auto, (max-width: 235px) 100vw, 235px\" \/><\/figure>\n\n\n\n<ul class=\"wp-block-list\">\n<li>1961 in Lage, Lippe geboren<\/li>\n\n\n\n<li>1980 Abitur mit Leistungskurs Musik am Christian-Dietrich-Grabbe-Gymnasium in Detmold<\/li>\n\n\n\n<li>1982 Studium der Schulmusik mit dem Hauptfach Fagott und Schwerpunktfach Gesang in Detmold und Lehramt Ev. Theologie Sek.I\/II \u00a0in Paderborn.<\/li>\n\n\n\n<li>1989 Referendariat am Gymnasium Leopoldinum in Detmold<\/li>\n\n\n\n<li>1992 Lehrer am Gymnasium f. Musik und Ev. Religionslehre in Gro\u00df-Gerau, Hessen<\/li>\n\n\n\n<li>1994 Studienrat am Marianne-Weber-Gymnasium, Lemgo<\/li>\n\n\n\n<li>ab 2000 nebenberuflich Fagottlehrer an der Musikschule Lage<\/li>\n\n\n\n<li>2002-04 Aufbaustudium Musikvermittlung\/Konzertp\u00e4dagogik in Detmold<\/li>\n\n\n\n<li>ab 2005 regelm\u00e4\u00dfige Mitarbeit in Kinderkonzerten \u201eFidolino\u201c und \u201eConcertino Piccolino\u201c<\/li>\n\n\n\n<li>ab 2010 nebenberuflich Musik-Kulturrezensent der Lippischen Landeszeitung, Detmold\u00a0<\/li>\n\n\n\n<li>ab 2015 Mitglied der Marienkantorei unter Leitung von Volker J\u00e4nig in Lemgo<\/li>\n<\/ul>\n\n\n\n<p><\/p>\n","protected":false},"excerpt":{"rendered":"<p>Vorsitzender Christian K\u00f6hn Christian K\u00f6hn\u00a0wurde in Bochum geboren. Als Siebenj\u00e4hriger erhielt er seinen ersten Klavierunterricht. Bereits drei Jahre sp\u00e4ter nahm ihn die Musikhochschule Dortmund als Jungstudent in die Klasse von Joseph Matthias Blome auf. Nach dem Abitur ging er zu Renate Kretschmar-Fischer an die Musikhochschule Detmold und vollendete dort in weiteren acht Jahren seine Ausbildung [&hellip;]<\/p>\n","protected":false},"author":1,"featured_media":0,"parent":0,"menu_order":0,"comment_status":"closed","ping_status":"closed","template":"","meta":{"_bbp_topic_count":0,"_bbp_reply_count":0,"_bbp_total_topic_count":0,"_bbp_total_reply_count":0,"_bbp_voice_count":0,"_bbp_anonymous_reply_count":0,"_bbp_topic_count_hidden":0,"_bbp_reply_count_hidden":0,"_bbp_forum_subforum_count":0,"footnotes":""},"class_list":["post-643","page","type-page","status-publish","hentry"],"_links":{"self":[{"href":"https:\/\/www.alumni-detmold.de\/index.php\/wp-json\/wp\/v2\/pages\/643","targetHints":{"allow":["GET"]}}],"collection":[{"href":"https:\/\/www.alumni-detmold.de\/index.php\/wp-json\/wp\/v2\/pages"}],"about":[{"href":"https:\/\/www.alumni-detmold.de\/index.php\/wp-json\/wp\/v2\/types\/page"}],"author":[{"embeddable":true,"href":"https:\/\/www.alumni-detmold.de\/index.php\/wp-json\/wp\/v2\/users\/1"}],"replies":[{"embeddable":true,"href":"https:\/\/www.alumni-detmold.de\/index.php\/wp-json\/wp\/v2\/comments?post=643"}],"version-history":[{"count":1,"href":"https:\/\/www.alumni-detmold.de\/index.php\/wp-json\/wp\/v2\/pages\/643\/revisions"}],"predecessor-version":[{"id":648,"href":"https:\/\/www.alumni-detmold.de\/index.php\/wp-json\/wp\/v2\/pages\/643\/revisions\/648"}],"wp:attachment":[{"href":"https:\/\/www.alumni-detmold.de\/index.php\/wp-json\/wp\/v2\/media?parent=643"}],"curies":[{"name":"wp","href":"https:\/\/api.w.org\/{rel}","templated":true}]}}

<h4 class="wp-block-heading">Vorsitzender Christian Köhn</h4>



<figure class="wp-block-image size-full"><img loading="lazy" decoding="async" width="235" height="350" src="https://www.alumni-detmold.de/wp-content/uploads/image.png" alt="" class="wp-image-644" srcset="https://www.alumni-detmold.de/wp-content/uploads/image.png 235w, https://www.alumni-detmold.de/wp-content/uploads/image-201x300.png 201w" sizes="auto, (max-width: 235px) 100vw, 235px" /></figure>



<p><a href="https://www.hfm-detmold.de/die-hochschule/personenverzeichnis/lehrende/vita/christian-koehn/">Christian Köhn</a> wurde in Bochum geboren. Als Siebenjähriger erhielt er seinen ersten Klavierunterricht. Bereits drei Jahre später nahm ihn die Musikhochschule Dortmund als Jungstudent in die Klasse von Joseph Matthias Blome auf. Nach dem Abitur ging er zu Renate Kretschmar-Fischer an die Musikhochschule Detmold und vollendete dort in weiteren acht Jahren seine Ausbildung bis zum erfolgreichen Abschluss mit dem Konzertexamen. Er war Stipendiat der „Oscar-und-Vera-Ritter-Stiftung“, erhielt den Förderpreis des „Deutschen Musikwettbewerbs“ Bonn, nahm an der „32. Bundesauswahl Konzerte Junger Künstler“ teil und war schließlich Preisträger des 2. Internationalen Schubert-Wettbewerbs in Dortmund. Besonders pflegt er das vierhändige Klavierspiel an einem oder zwei Klavier(en) mit seiner Duo-Partnerin Silke-Thora Matthies. Als Klavierduo Matthies/Köhn wurden sie Preisträger des Deutschen Musikwettbewerbs Bonn, des Wettbewerbs des Kulturkreises im Bundesverband der Deutschen Industrie (BDI), und des ARDMusikwettbewerbs in München. Sie unternahmen ausgedehnte Tourneen durch die Bundesrepublik Deutschland, zahlreiche deutsche Rundfunkanstalten führten Studio-Produktionen mit ihnen durch, und sie brachten Kompositionen zeitgenössischer Komponisten zur Uraufführung. Für das Label „Naxos“ nehmen sie u.a. sämtliche Werke für Klavierduo von Antonin Dvorak und Johannes Brahms auf, 22 CDs sind bereits erschienen. Parallel arbeitet <a href="https://www.hfm-detmold.de/die-hochschule/personenverzeichnis/lehrende/vita/christian-koehn/">Christian Köhn</a> als Herausgeber von Klavierduo- und Soloausgaben für den Bärenreiter-Verlag Kassel. <a href="https://www.hfm-detmold.de/die-hochschule/personenverzeichnis/lehrende/vita/christian-koehn/">Christian Köhn</a> ist Dozent an der Musikhochschule Detmold.</p>



<hr class="wp-block-separator has-alpha-channel-opacity"/>



<h4 class="wp-block-heading">Rektor Dr. Thomas Grosse</h4>



<figure class="wp-block-image size-full"><img loading="lazy" decoding="async" width="235" height="350" src="https://www.alumni-detmold.de/wp-content/uploads/image-1.png" alt="" class="wp-image-645" srcset="https://www.alumni-detmold.de/wp-content/uploads/image-1.png 235w, https://www.alumni-detmold.de/wp-content/uploads/image-1-201x300.png 201w" sizes="auto, (max-width: 235px) 100vw, 235px" /></figure>



<p>Der Diplom-Musiklehrer und Oboist Thomas Grosse&nbsp;stammt aus Hameln. Er studierte Musikerziehung und Künstlerische Ausbildung mit Hauptfach Oboe bei Prof. Klaus Becker an der Hochschule für Musik und Theater Hannover. Im Anschluss daran war er in Lehr- und Leitungstätigkeiten an Musikschulen sowie als Oboist in verschiedenen Orchestern tätig. Außerdem unterrichtete er als Dozent Oboe an der Universität Hildesheim. Im Jahr 1998 wurde er zum Professor für „Ästhetische Kommunikation, Schwerpunkt Musik“ an die Evangelische Fachhochschule Hannover berufen. Von 1999 bis 2003 leitete Thomas Grosse als Dekan den Fachbereich Sozialwesen. Gleichzeitig nahm er Lehraufträge für Musikpädagogik/Musikwissenschaft an der Universität Hildesheim im Fachbereich II (Kulturwissenschaft und Ästhetische Praxis) wahr.</p>



<p>Im Jahr 2006 promovierte Thomas Grosse an der Hochschule für Musik und Theater Hannover zum Thema „Instrumentaler Gruppenunterricht an Musikschulen am Beispiel des Landes Niedersachsen“. Von 2006 bis 2008 begleitete er als Studiendekan der Abteilung Soziale Arbeit die Überleitung der Evangelischen Fachhochschule Hannover in die Hochschule Hannover und wirkte daran anschließend bis 2011 als Dekan der Fakultät V. In gutachterlichen Tätigkeiten und Forschungsprojekten befasste er sich mit Fragestellungen zur ästhetischen Bildung im Kindesalter sowie zu musikalischen Angeboten in sozialen Arbeitsfeldern.</p>



<p>Nach seiner Wahl zum Rektor für die Jahre 2014 bis 2020 trat Thomas Grosse zum Studienjahr 2020/2021 eine zweite Amtsperiode an.</p>



<hr class="wp-block-separator has-alpha-channel-opacity"/>



<h4 class="wp-block-heading">Schatzmeister Stefan Claßen</h4>



<figure class="wp-block-image size-full"><img loading="lazy" decoding="async" width="235" height="350" src="https://www.alumni-detmold.de/wp-content/uploads/image-2.png" alt="" class="wp-image-646" srcset="https://www.alumni-detmold.de/wp-content/uploads/image-2.png 235w, https://www.alumni-detmold.de/wp-content/uploads/image-2-201x300.png 201w" sizes="auto, (max-width: 235px) 100vw, 235px" /></figure>



<p>Stefan Claßen wurde 1958 in Aachen geboren. Seine musikalische Ausbildung erhielt er zunächst in seiner Geburtsstadt und von 1978 bis 1985 an der Hochschule für Musik Detmold. Er studierte bei Wilfried Kassebaum Klavier und bei Martin-Christoph Redel Musiktheorie und Hörerziehung. Alle drei Fächer schloss er mit einem Diplom für Instrumentalpädagogik ab.</p>



<p>Von 1985 bis 2024 unterrichtete er die Fächer Klavier, Keyboard, Musiktheorie, Gehörbildung, Komposition und Erwachsenenbildung an der Johannes-Brahms-Musikschule in Detmold, deren stellvertretender Leiter er ab 1993 war. An der Hochschule für Musik Detmold hatte er Lehraufträge in den Fächern Klavierdidaktik und Gehörbildung, vor allem als Dozent im Detmolder Jungstudierenden-Institut (DJI). Bis heute richtet er regelmäßig Vorbereitungskurse für die Eignungsprüfungen in den Fächern Musiktheorie und Gehörbildung aus.</p>



<p>Stefan Claßen lebt mit seiner Frau in Detmold. Im Ruhestand arbeitet er weiter als konzertierender Künstler, Klavier- und Musiktheorielehrer.</p>



<hr class="wp-block-separator has-alpha-channel-opacity"/>



<h4 class="wp-block-heading">Schriftführer Thomas Krügler</h4>



<figure class="wp-block-image size-full"><img loading="lazy" decoding="async" width="235" height="350" src="https://www.alumni-detmold.de/wp-content/uploads/image-3.png" alt="" class="wp-image-647" srcset="https://www.alumni-detmold.de/wp-content/uploads/image-3.png 235w, https://www.alumni-detmold.de/wp-content/uploads/image-3-201x300.png 201w" sizes="auto, (max-width: 235px) 100vw, 235px" /></figure>



<ul class="wp-block-list">
<li>1961 in Lage, Lippe geboren</li>



<li>1980 Abitur mit Leistungskurs Musik am Christian-Dietrich-Grabbe-Gymnasium in Detmold</li>



<li>1982 Studium der Schulmusik mit dem Hauptfach Fagott und Schwerpunktfach Gesang in Detmold und Lehramt Ev. Theologie Sek.I/II  in Paderborn.</li>



<li>1989 Referendariat am Gymnasium Leopoldinum in Detmold</li>



<li>1992 Lehrer am Gymnasium f. Musik und Ev. Religionslehre in Groß-Gerau, Hessen</li>



<li>1994 Studienrat am Marianne-Weber-Gymnasium, Lemgo</li>



<li>ab 2000 nebenberuflich Fagottlehrer an der Musikschule Lage</li>



<li>2002-04 Aufbaustudium Musikvermittlung/Konzertpädagogik in Detmold</li>



<li>ab 2005 regelmäßige Mitarbeit in Kinderkonzerten „Fidolino“ und „Concertino Piccolino“</li>



<li>ab 2010 nebenberuflich Musik-Kulturrezensent der Lippischen Landeszeitung, Detmold </li>



<li>ab 2015 Mitglied der Marienkantorei unter Leitung von Volker Jänig in Lemgo</li>
</ul>



<p></p>

<p>Vorsitzender Christian Köhn Christian Köhn wurde in Bochum geboren. Als Siebenjähriger erhielt er seinen ersten Klavierunterricht. Bereits drei Jahre später nahm ihn die Musikhochschule Dortmund als Jungstudent in die Klasse von Joseph Matthias Blome auf. Nach dem Abitur ging er zu Renate Kretschmar-Fischer an die Musikhochschule Detmold und vollendete dort in weiteren acht Jahren seine Ausbildung [&hellip;]</p>
