{"id":711,"date":"2026-04-13T06:35:48","date_gmt":"2026-04-13T06:35:48","guid":{"rendered":"https:\/\/www.alumni-detmold.de\/?page_id=711"},"modified":"2026-04-13T06:35:48","modified_gmt":"2026-04-13T06:35:48","slug":"impressum","status":"publish","type":"page","link":"https:\/\/www.alumni-detmold.de\/index.php\/impressum\/","title":{"rendered":"Impressum"},"content":{"rendered":"\n<p>Angaben gem\u00e4\u00df \u00a7 5 DDG<\/p>\n\n\n\n<p>Alumni-Verein der Hochschule f\u00fcr Musik Detmold e.V.<br>Neustadt 22<br>32756 Detmold<\/p>\n\n\n\n<p><strong>Vertreten durch:<\/strong><br>Christian K\u00f6hn<br>Dr. Friedhelm Flamme<br>Stefan Cla\u00dfen<br>Thomas Kr\u00fcgler<br>Dr. Thomas Grosse<\/p>\n\n\n\n<p><strong>Registereintrag:<\/strong><br>Eintragung im Vereinsregister.<br>Registergericht: Amtsgericht Detmold<br>Registernummer: VR 1542<\/p>\n\n\n\n<p><strong>Haftungsausschluss:<\/strong><br><br><strong>Haftung f\u00fcr Links<\/strong><br><br>Unser Angebot enth\u00e4lt Links zu externen Webseiten Dritter, auf deren Inhalte wir keinen Einfluss haben. Deshalb k\u00f6nnen wir f\u00fcr diese fremden Inhalte auch keine Gew\u00e4hr \u00fcbernehmen. F\u00fcr die Inhalte der verlinkten Seiten ist stets der jeweilige Anbieter oder Betreiber der Seiten verantwortlich. Die verlinkten Seiten wurden zum Zeitpunkt der Verlinkung auf m\u00f6gliche Rechtsverst\u00f6\u00dfe \u00fcberpr\u00fcft. Rechtswidrige Inhalte waren zum Zeitpunkt der Verlinkung nicht erkennbar. Eine permanente inhaltliche Kontrolle der verlinkten Seiten ist jedoch ohne konkrete Anhaltspunkte einer Rechtsverletzung nicht zumutbar. Bei Bekanntwerden von Rechtsverletzungen werden wir derartige Links umgehend entfernen.<br><br><strong>Datenschutz<\/strong><br><br>Die Nutzung unserer Webseite ist in der Regel ohne Angabe personenbezogener Daten m\u00f6glich. Soweit auf unseren Seiten personenbezogene Daten (beispielsweise Name, Anschrift oder eMail-Adressen) erhoben werden, erfolgt dies, soweit m\u00f6glich, stets auf freiwilliger Basis. Diese Daten werden ohne Ihre ausdr\u00fcckliche Zustimmung nicht an Dritte weitergegeben.<br>Wir weisen darauf hin, dass die Daten\u00fcbertragung im Internet (z.B. bei der Kommunikation per E-Mail) Sicherheitsl\u00fccken aufweisen kann. Ein l\u00fcckenloser Schutz der Daten vor dem Zugriff durch Dritte ist nicht m\u00f6glich.<br>Der Nutzung von im Rahmen der Impressumspflicht ver\u00f6ffentlichten Kontaktdaten durch Dritte zur \u00dcbersendung von nicht ausdr\u00fccklich angeforderter Werbung und Informationsmaterialien wird hiermit ausdr\u00fccklich widersprochen. Die Betreiber der Seiten behalten sich ausdr\u00fccklich rechtliche Schritte im Falle der unverlangten Zusendung von Werbeinformationen, etwa durch Spam-Mails, vor.<br><\/p>\n\n\n\n<p>Erstellt mit dem&nbsp;<a href=\"https:\/\/websitewissen.com\/impressum-generator\">Impressum-Generator<\/a>&nbsp;von WebsiteWissen.com, dem Ratgeber f\u00fcr&nbsp;<a href=\"https:\/\/websitewissen.com\/website-erstellen\">Website-Erstellung<\/a>,&nbsp;<a href=\"https:\/\/websitewissen.com\/homepage-baukasten-vergleich\">Homepage-Bauk\u00e4sten<\/a>&nbsp;und&nbsp;<a href=\"https:\/\/websitewissen.com\/shopsysteme-vergleich\">Shopsysteme<\/a>. Rechtstext von der&nbsp;<a href=\"https:\/\/www.kanzlei-hasselbach.de\/\">Kanzlei Hasselbach<\/a>.<\/p>\n","protected":false},"excerpt":{"rendered":"<p>Angaben gem\u00e4\u00df \u00a7 5 DDG Alumni-Verein der Hochschule f\u00fcr Musik Detmold e.V.Neustadt 2232756 Detmold Vertreten durch:Christian K\u00f6hnDr. Friedhelm FlammeStefan Cla\u00dfenThomas Kr\u00fcglerDr. Thomas Grosse Registereintrag:Eintragung im Vereinsregister.Registergericht: Amtsgericht DetmoldRegisternummer: VR 1542 Haftungsausschluss: Haftung f\u00fcr Links Unser Angebot enth\u00e4lt Links zu externen Webseiten Dritter, auf deren Inhalte wir keinen Einfluss haben. Deshalb k\u00f6nnen wir f\u00fcr diese fremden [&hellip;]<\/p>\n","protected":false},"author":1,"featured_media":0,"parent":0,"menu_order":0,"comment_status":"closed","ping_status":"closed","template":"","meta":{"_bbp_topic_count":0,"_bbp_reply_count":0,"_bbp_total_topic_count":0,"_bbp_total_reply_count":0,"_bbp_voice_count":0,"_bbp_anonymous_reply_count":0,"_bbp_topic_count_hidden":0,"_bbp_reply_count_hidden":0,"_bbp_forum_subforum_count":0,"footnotes":""},"class_list":["post-711","page","type-page","status-publish","hentry"],"_links":{"self":[{"href":"https:\/\/www.alumni-detmold.de\/index.php\/wp-json\/wp\/v2\/pages\/711","targetHints":{"allow":["GET"]}}],"collection":[{"href":"https:\/\/www.alumni-detmold.de\/index.php\/wp-json\/wp\/v2\/pages"}],"about":[{"href":"https:\/\/www.alumni-detmold.de\/index.php\/wp-json\/wp\/v2\/types\/page"}],"author":[{"embeddable":true,"href":"https:\/\/www.alumni-detmold.de\/index.php\/wp-json\/wp\/v2\/users\/1"}],"replies":[{"embeddable":true,"href":"https:\/\/www.alumni-detmold.de\/index.php\/wp-json\/wp\/v2\/comments?post=711"}],"version-history":[{"count":1,"href":"https:\/\/www.alumni-detmold.de\/index.php\/wp-json\/wp\/v2\/pages\/711\/revisions"}],"predecessor-version":[{"id":712,"href":"https:\/\/www.alumni-detmold.de\/index.php\/wp-json\/wp\/v2\/pages\/711\/revisions\/712"}],"wp:attachment":[{"href":"https:\/\/www.alumni-detmold.de\/index.php\/wp-json\/wp\/v2\/media?parent=711"}],"curies":[{"name":"wp","href":"https:\/\/api.w.org\/{rel}","templated":true}]}}